m + 7 + 6. Suppose 44 + m = 3*t. Is t a composite number?
False
Suppose -1696 = -4*m + 1852. Is m a prime number?
True
Let s(x) = -x**2 + x + 3805. Is s(0) composite?
True
Suppose -4*y + 10 = 3*i, 2*y - 16 = -2*y. Let u = -1 - i. Suppose -k + 2*r + 0 + u = 0, 0 = -3*k - 5*r + 47. Is k a composite number?
True
Let s(r) = 6 - 1 - 3*r**2 + 5*r - 4 + 6*r**2. Is s(-6) prime?
True
Let t = 1464 - 991. Is t a composite number?
True
Let i be 1/(-2) - (-2)/4. Suppose i = -2*z - 4*m + 614, z + 2*m = -3*z + 1210. Is z composite?
True
Let m = 14 - 6. Suppose 3*i - m*i = -395. Is i a prime number?
True
Is 181/2 - (-15)/(-10) composite?
False
Let d(o) = 6*o**2 + 15*o**2 + 7 - 8 - 2*o. Is d(2) a composite number?
False
Suppose -4*h + 16 = 3*n, -n + 1 + 1 = -2*h. Let g be (-309)/(-2) + (-2)/n. Let i = g - 105. Is i a composite number?
True
Let j be 2 - 0*2/4. Suppose -5 = -5*f + 4*c, -5*f + 29 = c - 1. Suppose j*n = -5*s + 35, s - 14 + 61 = f*n. Is n prime?
False
Let n be ((-16)/(-40))/((-1)/(-5)). Suppose -5*l - 7 + n = 0, -2*w + 2*l + 156 = 0. Is w composite?
True
Let c = -106 + 13. Let k = 140 - 438. Let m = c - k. Is m a composite number?
True
Let k be (-1)/((-36)/8 - -4). Suppose 178 = k*d - 228. Is d a prime number?
False
Let j be (8/10)/(6/(-15)). Let o be 18/4 - j/(-4). Suppose -2*y - 3*a = -139, -2*a - o = -2. Is y a composite number?
False
Suppose b = -0*b + 4. Let s(v) = -v**3 - 4*v**2 - 3*v. Let c be s(-3). Suppose b*i - 2*i - 110 = c. Is i a prime number?
False
Let h(z) = 6*z**2. Let r be h(-2). Let a = 120 + -73. Let q = a - r. Is q a composite number?
False
Let t(y) = 3*y**2 - 5*y + 5. Let l be 2*(30/4 + -3). Is t(l) composite?
True
Is -3 + (3 - -1 - -253) prime?
False
Let g be 3/(3/22) + 2. Let r be (g/(-9) + 2)*-9. Is ((-42)/4)/((-3)/r) a composite number?
True
Suppose 2*x - 330 = 4*r, 0*r - r - 495 = -3*x. Suppose d = -3*f + 26 + 7, -5*d + x = 3*f. Is d composite?
True
Let s = 15 + -11. Suppose -50 - 34 = -s*b. Is b a composite number?
True
Let g(o) = 599*o**2 - 4*o + 7. Is g(2) prime?
False
Suppose -5*j = -0*j + 10. Let p be (j/(-4))/((-2)/60). Is 526/6 + 10/p prime?
False
Let x = 2169 + -610. Is x composite?
False
Let u = -28 + 49. Is u composite?
True
Suppose 3*o - 4*o = -8. Suppose 0 = 5*z + 3*a - o*a - 710, 137 = z + 4*a. Is z a prime number?
False
Suppose -4*d + 1180 = 4*h - d, h - 295 = -4*d. Is h a composite number?
True
Suppose -5*b + 8890 = i, -9*b = -7*b - 2*i - 3568. Is b a composite number?
True
Let v(w) = -180*w + 46*w + 25*w - 183*w + 1. Is v(-1) a prime number?
True
Let c be 6/((24/52)/(-3)). Let j = c - -118. Is j a prime number?
True
Suppose -7*s + 2*s + 2095 = 0. Suppose a + 417 = o, -3*a + a - s = -o. Is o composite?
True
Suppose -5*o + 7 + 8 = 0. Suppose o*k + 3 = 21. Suppose 0 = 5*c - 10, -k*c + c = 4*v - 62. Is v a prime number?
True
Is (8508/10)/(18/45) prime?
False
Let j(z) = -2*z - 8. Let m be j(-4). Suppose -5*p + 1113 = 2*g, p + m*g = -g + 225. Is p a composite number?
True
Let r(i) = i**3 - 5*i**2 + 12*i + 2. Let s(h) = h**3 - 4*h**2 + 13*h + 1. Let o(y) = 4*r(y) - 3*s(y). Is o(7) composite?
False
Suppose -2*m = -5*l + 14, 3*m - 2*m - 2*l = -5. Suppose -20 = g + m*g. Is (-3)/g - 344/(-10) a prime number?
False
Let q(v) = -v**2 + v + 5. Let z be q(0). Suppose x = 3*b - 10, z*x + 2*b - 18 = -0. Suppose -3*h = -i - 773, -4*i + 0*i - 502 = -x*h. Is h composite?
True
Let z(k) = -k**2 - 7*k - 6. Let o be z(-3). Is 6/9 + 218/o a prime number?
True
Let h = -1 - -5. Is h/6*(-1278)/(-12) a prime number?
True
Suppose 5*l = -2*f + 60, 0*f + 3*l = 3*f - 111. Let m = 5 - 7. Is (f/(-10))/(m/44) composite?
True
Suppose -h - 1255 = 4*o, h = 2*o - h + 630. Is (o/4 - 2)*-2 composite?
True
Let p(w) = -w**3 + 3*w**2 + 5*w - 6. Let t be p(4). Let j(b) = -57*b - 5. Is j(t) a composite number?
False
Let v(o) = o + 7. Let g be v(-9). Is (-3)/(-3 - g) - -160 composite?
False
Suppose 15 = -3*j, 2*o - j - 33 = -2*j. Let g = o + -10. Let v(h) = 2*h**2 - 4*h + 1. Is v(g) composite?
False
Let q = 10 - 7. Suppose 5*y - 2*y = -q*l + 15, 4*l = 4*y + 12. Let j(m) = 3*m**2 + 6*m - 5. Is j(l) a prime number?
True
Suppose -3*o + 885 = 2*o. Suppose o = 3*r - 7*r + 3*q, 44 = -r + q. Let g = 68 + r. Is g prime?
True
Is (5 - 2041)*(0 - (-15)/(-12)) a composite number?
True
Suppose 5*s + 5*o = 10023 + 1637, -7004 = -3*s + 5*o. Is s a prime number?
True
Suppose -t = z - 35 - 122, 0 = -z - 4. Suppose -t = -3*k + 361. Suppose -d - k = -4*d. Is d composite?
True
Suppose 0*n + 875 = -5*n. Let l = -86 - n. Is l a composite number?
False
Let r = -49 - -22. Is -5*(r - (0 + 2)) a composite number?
True
Suppose q = 6*q - 57030. Is q/10 + 8/20 a prime number?
False
Let o(p) = 48*p - 1. Suppose -2*k + 6*k = 4. Is o(k) a composite number?
False
Suppose -3*g = 52 + 11. Let p = -3 - g. Suppose -2*u + p = -88. Is u a prime number?
True
Is ((-3)/6)/((-1)/1678) prime?
True
Let b(f) = -358*f**3 - f**2 + f + 2. Is b(-1) a prime number?
False
Suppose -4*i = 5*y - 23, -4*i + 5 = -y - 0*y. Suppose w = -a - w + 159, -i*a - w = -324. Is a composite?
False
Let n be 2/(-13) + 16/104. Let r be (n/2)/(4 + -2). Suppose 0*h + 2*h - 134 = r. Is h composite?
False
Suppose -8 = 4*v + 4. Let x = -10 - v. Let q(h) = -h. Is q(x) a composite number?
False
Let n(b) be the second derivative of b**5/6 - b**4/12 - b**3/6 + b**2 - b. Let f(z) be the first derivative of n(z). Is f(2) composite?
True
Let b = -933 + 3970. Is b prime?
True
Suppose 11094 = 2*z + 4*z. Is z a composite number?
True
Let m = 26 - -187. Suppose -m = -f - 2*g, -4*f + 2*g = g - 816. Is f prime?
False
Let k(c) = 23*c**2 + 5*c - 3. Let n(z) = -15*z**2 - 3*z + 2. Let v(l) = -5*k(l) - 8*n(l). Is v(-3) a composite number?
False
Let w be -20*((-27)/(-4))/3. Is ((-5)/15)/(1/w) prime?
False
Suppose -2*v = t - 1965, -3*v - 9 - 3 = 0. Is t a composite number?
False
Is (177/2)/((-6)/(-20)) prime?
False
Suppose 0 = 3*p - 5*p + 2. Let x be 34 + -1*(p + 1). Suppose -x = -4*g + 4*n, -2*n - 30 = 2*g - 6*g. Is g composite?
False
Let r = -229 - -420. Is r a prime number?
True
Is (-68)/(-12)*3 + 2 a prime number?
True
Suppose 5*k - 417 = -q, -3*q = -k - 5*q + 87. Is k a composite number?
False
Let b = 914 + -180. Is b composite?
True
Is (-40)/(-2)*53/4 a prime number?
False
Let p = -210 - -397. Is p prime?
False
Let l(n) = -8*n**2 + 2*n + 2. Let k be l(-3). Let c(w) = w**3 - 5*w**2 - 6*w + 7. Let m be c(5). Let p = m - k. Is p a composite number?
False
Let u = 443 + 230. Is u a composite number?
False
Let b(q) = q**2 + 8*q + 3. Is b(6) a composite number?
True
Suppose -2*r - 40 = 4*b + 152, 4*b + 196 = -3*r. Let j = 99 + b. Is j prime?
True
Suppose 0 = 5*t - 456 - 599. Is t composite?
False
Suppose -2*i - 84 = -4*i. Is ((-5)/15)/((-2)/i) a prime number?
True
Let i(c) be the third derivative of c**5/30 + c**4/6 + c**3/3 - c**2. Let a be i(-2). Is -178*1/a*-1 composite?
False
Suppose 5*a = -2*d - 52 + 317, 4*a = 2*d - 274. Let v = -76 + d. Is v composite?
False
Suppose -p + 5*z = -15, z + 2*z = 4*p - 43. Let x be 2/(-3) - (-82)/6. Suppose -m + p = -x. Is m composite?
False
Let p be (0 - 0)/(-1 + 0). Let c(d) = -d**2 - d + 11. Is c(p) prime?
True
Let m = 452 + -198. Suppose -w = -3*w + m. Is w a composite number?
False
Suppose -a = 3*a - 52. Suppose -7*t - 26 = -2*t + 4*d, 18 = t - 5*d. Let x = t + a. Is x prime?
True
Let y = -71 - -102. Suppose 237 = 4*g - y. Is g prime?
True
Let c be (2/4 - 1)*0. Let o(n) = n + 5. Let g be o(c). Suppose 2*r + 5*a - 55 = -0*r, 3*a + 122 = g*r. Is r a prime number?
False
Let z be 2 + -8 + 0 + 2. Suppose 5*h = -b - 126, 0 = -4*b + 2*h - 399 - 127. Let i = z - b. Is i a prime number?
True
Let a be -7 + 9 - (-2)/(-1). Suppose 3*n - n = a. Suppose n*c + 393 = 3*c. Is c a prime number?
True
Let f be 0 - 0 - (0 - 2). Suppose f*x - 240 = -w, 0*x + 4*w = -2*x + 228. Is x a composite number?
True
Let k(z) = -137*z + 1. Let h be k(-1). Let f = h - -19. Let a = -106 + f. Is a composite?
True
Suppose 4*r - 122 = -2*x, 0*r + 73 = x - r. Is x a composite number?
True
Let t = 71 - -368. Is t prime?
True
Let p = -1592 - -2443. Is p a prime number?
False
Let z be (-2)/4 - (-1)/2. Let t be z/3 + (-1 - -4). Is (-3)/t*(-80 - -1) a composite number?
False
Let k = 117 - 48. Is k a prime number?
False
Let v = 125 - -54. Suppose 4*n 